 Give s(17).
15
Let b(d) = 2*d**3 - 7*d**2 - 630*d + 135. What is b(19)?
-644
Let l(p) = 2*p**3 - 152*p**2 + 844*p - 228. Give l(70).
52
Let i(w) = -10505*w + 1134580. What is i(108)?
40
Let d(q) = -q**3 - q**2 - 17*q - 6. Give d(6).
-360
Let x(f) = -f**3 - 76*f**2 + 893*f - 316. Give x(10).
14
Let a(t) = 1558389*t + 34284568. What is a(-22)?
10
Let m(v) = 971*v - 5715. Determine m(5).
-860
Let w(r) = 3*r**2 + 60*r - 433. What is w(5)?
-58
Let s(h) = -3046*h - 18384. Determine s(-6).
-108
Let o(z) = -32*z**2 - 42481*z + 42478. Calculate o(1).
-35
Let l(o) = 3*o**2 + 114*o - 665. Calculate l(-53).
1720
Let c(n) = -2*n**3 - 6*n**2 - 21*n + 7. Determine c(-3).
70
Let w(b) = 12*b**2 - 169*b - 466. Give w(22).
1624
Let o(z) = -3*z**2 - 4*z + 1453. Calculate o(23).
-226
Let o(x) = 6*x**2 - 76*x - 603. Calculate o(-8).
389
Let i(r) = 2*r**3 + 366*r**2 - 441*r - 13427. What is i(-184)?
5
Let k(c) = c**2 - 590*c - 9648. Determine k(-16).
48
Let k(l) = 88*l + 9721. Determine k(-110).
41
Let l(g) = -773*g - 25759. Determine l(-26).
-5661
Let g(j) = -15844*j - 96117. What is g(-6)?
-1053
Let a(t) = -11120*t + 255676. What is a(23)?
-84
Let b(s) = s**2 - 77*s - 676. What is b(97)?
1264
Let n(u) = -10*u**2 + 88*u + 208. Calculate n(12).
-176
Let i(v) = -3*v**2 - 260*v - 118. Give i(-87).
-205
Let m(c) = 589495*c + 2358019. What is m(-4)?
39
Let t(m) = -1347*m - 23596. Determine t(-16).
-2044
Let v(h) = 538*h - 24. Determine v(2).
1052
Let f(h) = 17*h**3 + 3*h**2 + 5*h + 21. Calculate f(3).
522
Let k(l) = -535*l + 110696. Give k(207).
-49
Let x(g) = -3843*g + 14402. Determine x(4).
-970
Let i(d) = 4*d**3 + 182*d**2 + 220*d - 2217. Give i(-44).
-281
Let w(g) = -g**2 + 5264*g + 1780970. Determine w(-319).
-7
Let w(c) = -135*c + 14153. Calculate w(98).
923
Let b(s) = -s**3 - 2*s**2 + 33*s + 45. What is b(-12)?
1089
Let y(q) = -2555*q + 7299. Calculate y(3).
-366
Let y(w) = 212*w**2 - 38688*w - 19768. Give y(183).
-4
Let c(m) = 1440*m**2 + 542*m - 4. Calculate c(0).
-4
Let z(m) = 17*m**3 + 615*m**2 + 111*m + 68. Calculate z(-36).
-40
Let r(w) = -72186*w - 4042412. Give r(-56).
4
Let s(o) = o**3 - o**2 + 1788*o + 121. Determine s(0).
121
Let u(n) = -4536*n - 122458. Calculate u(-27).
14
Let y(c) = -4*c**2 + 8*c + 256. Determine y(-18).
-1184
Let c(v) = 9549*v - 25939. Determine c(3).
2708
Let m(x) = -4400*x**2 + 61573*x + 71. Calculate m(14).
-307
Let t(c) = 1201*c - 373502. Give t(311).
9
Let z(w) = w**3 + 15*w**2 - 167*w - 312. Determine z(-22).
-26
Let b(x) = -30750*x + 215243. Give b(7).
-7
Let s(y) = y**3 - 100*y**2 + 80*y - 8040. What is s(100)?
-40
Let n(z) = -2*z**2 + 157*z - 2733. Calculate n(24).
-117
Let w(a) = 1496*a - 90508. Determine w(61).
748
Let r(i) = 4*i**2 + 82*i + 301. Give r(0).
301
Let y(s) = s**2 - 3374*s + 185725. Determine y(56).
-83
Let s(k) = -k**3 - 575*k**2 - 7297*k + 123. Determine s(-13).
6
Let r(c) = -c**3 + 166*c**2 + 1050*c - 3039. Give r(172).
57
Let v(r) = -661073*r - 18510081. What is v(-28)?
-37
Let n(t) = 50*t**2 - 180*t + 563. Calculate n(4).
643
Let b(c) = -c**3 + 368*c**2 + 4947*c - 32. Calculate b(-13).
46
Let t(j) = j**3 - 20*j**2 + 27*j - 308. Determine t(19).
-156
Let o(r) = 35*r**3 + 162*r**2 - 75*r - 48. What is o(-5)?
2
Let d(g) = g**3 - 365*g**2 - 1388*g - 32442. Determine d(369).
30
Let h(a) = -219*a**2 - 565*a + 1138. Give h(2).
-868
Let v(a) = -4357*a + 217759. Calculate v(50).
-91
Let u(m) = m**3 + 111*m**2 - 9571*m - 1052. Give u(57).
-767
Let s(c) = 9349*c + 224397. What is s(-24)?
21
Let t(m) = 5*m**2 + 287*m + 66. Determine t(0).
66
Let r(t) = -251031*t - 4769580. Calculate r(-19).
9
Let d(z) = z**2 + 268*z + 6009. What is d(-251)?
1742
Let y(v) = -4*v**3 - 13*v**2 - 10*v - 12. What is y(-5)?
213
Let t(y) = -79*y**3 + 117786*y**2 + 4475*y - 3031. What is t(1491)?
-49
Let k(p) = -p**3 - 131114*p + 6. Calculate k(0).
6
Let t(q) = -777764*q + 28777254. Give t(37).
-14
Let u(m) = 32*m**3 + 94*m**2 - 19*m - 30. Give u(-3).
9
Let r(o) = -79*o**3 - o**2 + 23*o + 39. Determine r(-2).
621
Let h(d) = 315*d - 20332. Determine h(65).
143
Let w(k) = 8131*k + 20027. Determine w(-2).
3765
Let s(o) = 290992*o - 6. What is s(0)?
-6
Let q(h) = -780162*h + 53. Give q(0).
53
Let t(h) = h**2 + 53*h - 14994. What is t(99)?
54
Let j(g) = 3*g**3 - 393*g**2 + 2595*g + 1110. What is j(124)?
-6
Let l(b) = -20*b**2 - 66*b + 184. Give l(3).
-194
Let w(h) = h**2 + 44143*h - 264906. Determine w(6).
-12
Let f(x) = 11*x**2 - 3189*x + 280. What is f(290)?
570
Let d(o) = 153266*o - 3218581. What is d(21)?
5
Let s(a) = -16*a**2 + 971*a - 44. Calculate s(60).
616
Let k(p) = 60*p - 1511. What is k(25)?
-11
Let m(y) = -422060*y - 2532377. Determine m(-6).
-17
Let p(s) = 4*s**2 + 1805*s + 20983. Give p(-12).
-101
Let t(n) = 195*n**3 + 2929*n**2 + 12*n - 90. Determine t(-15).
630
Let h(y) = 1103*y + 6742. What is h(-5)?
1227
Let k(n) = 64*n**2 - 5419*n - 1748. Determine k(85).
37
Let q(h) = 1700906*h + 59531711. Calculate q(-35).
1
Let g(h) = -h**2 - 6497*h + 26049. Determine g(4).
45
Let n(q) = -100*q - 16412. Determine n(-163).
-112
Let y(b) = -2*b**3 + 620*b**2 - 23*b + 7115. Calculate y(310).
-15
Let l(x) = 9*x**2 - 9438*x + 245271. What is l(1022)?
-9
Let q(t) = -t**3 - 2774*t**2 + 22606*t + 973705. What is q(-2782)?
5
Let k(h) = 2*h**3 - 548*h**2 + 572*h - 7071. Calculate k(273).
27
Let x(y) = -y**3 - 6*y**2 - 189*y - 1199. What is x(-5)?
-279
Let f(l) = l**3 + 4936*l**2 + 29574*l - 38. What is f(-6)?
-2
Let q(j) = 557*j + 188796. Give q(-339).
-27
Let k(p) = 148*p + 2352. Give k(-23).
-1052
Let s(i) = -390*i + 79555. Calculate s(204).
-5
Let r(j) = j**2 + 86*j - 442. Calculate r(-89).
-175
Let s(a) = -3296*a - 1262392. Calculate s(-383).
-24
Let y(t) = 1305*t + 143536. Give y(-110).
-14
Let d(z) = -160972*z - 1126794. Give d(-7).
10
Let r(t) = -3*t**3 + 1960*t**2 + 2981*t + 192563. What is r(655)?
-7
Let w(z) = -26869*z - 537385. Calculate w(-20).
-5
Let v(t) = -t**2 + 169*t + 9578. Calculate v(-51).
-1642
Let j(n) = n**3 - 148*n**2 - 1248*n + 73893. What is j(153)?
-6
Let j(q) = 12*q**3 - 151*q**2 - 199*q + 1747. Calculate j(13).
5
Let m(x) = -6699*x - 2016418. Calculate m(-301).
-19
Let v(n) = -22463*n - 5144011. Give v(-229).
16
Let s(o) = -165*o**3 - 98*o**2 + 201*o + 6. What is s(2)?
-1304
Let x(f) = 28481*f + 56937. Calculate x(-2).
-25
Let o(q) = -7915*q - 7679. Calculate o(-1).
236
Let i(s) = s**3 - 10*s**2 + 1065*s - 13062. Calculate i(12).
6
Let v(g) = -g**3 - 18*g**2 + 74*g + 45. Calculate v(-22).
353
Let j(f) = -f**3 - 145*f**2 - 3832*f + 514. Calculate j(-35).
-116
Let h(l) = 2*l**3 - 80*l**2 + 586*l + 2434. Calculate h(28).
26
Let l(b) = 214*b**2 - 198*b - 84. What is l(2)?
376
Let h(o) = -o**2 - 288*o - 6053. Calculate h(-24).
283
Let n(d) = -19*d**2 - 3394*d - 18518. What is n(-173)?
-7
Let m(p) = 3*p**3 - 58*p**2 + 120*p - 8. Give m(17).
9
Let k(n) = 14*n**2 + 833*n - 1237. Calculate k(-61).
44
Let u(h) = 31490*h + 1165050. Determine u(-37).
-80
Let j(t) = -t**2 + 426*t + 63599. What is j(-120)?
-1921
Let j(z) = 49*z**2 + 1391*z - 4169. Determine j(3).
445
Let l(q) = -3*q**3 - q**2 - 148*q + 665. Calculate l(5).
-475
Let x(r) = 2*r**2 - 11*r - 204. Give x(-26).
1434
Let l(z) = 10*z**2 + 100*z - 272. Give l(-14).
288
Let y(j) = 2*j**2 - 91*j - 5311. Determine y(83).
914
Let i(q) = -208*q - 12914. Calculate i(-62).
-18
Let r(h) = -17*h**2 + 669*h - 1865. Determine r(3).
-11
Let o(x) = 3*x**3 + 7*x**2 - 71*x + 2. Give o(6).
476
Let s(j) = 6*j**3 + 47*j**2 - 36*j + 268. Calculate s(-9).
25
Let h(f) = 103*f**2 - 1980*f - 1592. Calculate h(20).
8
Let n(h) = -75*h**2 - 625*h - 1269. Calculate n(-4).
31
Let d(r) = -2*r**3 - 73*r**2 - 285*r + 6784. What is d(-26)?
-2
Let o(u) = 14*u**2 - 2130*u + 2110. Give o(1).
-6
Let t(s) = -610*s - 34926. Calculate t(-57).
-156
Let x(l) = 93*l + 6645. Determine x(-75).
-330
Let t(k) = 4*k**2 - 465*k + 12067. Give t(77).
-22
Let k(z) = z**3 + 12*z**2 - 11*z + 14. What is k(-12)?
146
Let a(l) = l**3 + 14*l**2 + 126*l + 786. What is a(-9)?
57
Let y(l) = 33*l**2 - 3456*l - 127. Give y(105).
818
Let z(x) = 233*x**2 + 3007*x + 2532. What is z(-12)?
0
Let q(c) = -5213*c**2 - 104*c - 107. Determine q(-1).
-5216
Let p(m) = -1099*m**2 - 4488*m - 336. Calculate p(-4).
32
Let h(j) = 1393*j + 559964. 